 What is x(-156)?
12
Let i(v) = -2*v**3 - 603*v**2 + 1437*v - 25302. Give i(-304).
-70
Let z(t) = -t**2 + 8043*t - 48265. Give z(6).
-43
Let p(x) = -x**2 - 381*x + 5886. Give p(15).
-54
Let v(z) = -4*z**3 + 2*z**2 + 1007*z - 212. What is v(16)?
28
Let r(h) = -57*h**2 + 151*h + 1142. Determine r(6).
-4
Let q(l) = 355182*l + 8524372. Determine q(-24).
4
Let t(p) = 4410*p - 3293. Calculate t(0).
-3293
Let h(t) = -537*t + 12652. Give h(23).
301
Let d(j) = -5*j**2 - 642*j + 52847. Calculate d(57).
8
Let g(b) = 3*b**3 + 6*b**2 + 703. What is g(0)?
703
Let g(h) = 5*h**2 - 62*h - 202. Determine g(0).
-202
Let s(a) = -6832*a - 223762. What is s(-33)?
1694
Let o(m) = -795*m - 89959. Calculate o(-114).
671
Let g(f) = -22*f**3 + 14*f**2 - 35*f + 5. What is g(2)?
-185
Let d(j) = 12884*j - 13734334. Give d(1066).
10
Let g(r) = 2*r**3 - 45*r**2 - 114*r + 119. Determine g(-3).
2
Let k(p) = -38*p**2 - 209*p - 152. Calculate k(-5).
-57
Let r(q) = -5*q**3 + 3891*q**2 - 4670*q + 6477. Determine r(777).
261
Let i(v) = 205*v + 1481. Give i(-8).
-159
Let n(l) = -2*l**3 - 72*l**2 + 36*l + 112. What is n(0)?
112
Let u(b) = 6*b**3 - 57*b**2 + 78*b + 8. Calculate u(7).
-181
Let g(v) = 32*v**2 + 16126*v - 875. Calculate g(-504).
133
Let s(y) = -83*y**2 + 71*y + 187. Calculate s(2).
-3
Let i(m) = 1978*m - 49436. What is i(25)?
14
Let r(c) = 26444*c - 290976. What is r(11)?
-92
Let n(m) = 11*m**2 + 2141*m + 117. Give n(-194).
-1241
Let q(f) = -3372*f - 14057. Calculate q(-4).
-569
Let t(q) = 31*q**2 + 261*q + 1513. What is t(-6)?
1063
Let q(t) = -19213*t - 115117. Give q(-6).
161
Let v(u) = -337*u + 95715. Calculate v(284).
7
Let v(t) = t**3 - 379*t**2 + 2249*t - 4090. Give v(373).
13
Let u(v) = 80651*v + 80889. Determine u(-1).
238
Let c(q) = 310383*q - 2483069. Calculate c(8).
-5
Let u(p) = -3764*p**2 - 368871*p + 133. Give u(-98).
35
Let u(c) = c**3 - 384*c**2 - 3944*c + 1341. What is u(394)?
-235
Let u(k) = 119*k**2 + 9102*k + 4278. Determine u(-76).
-130
Let r(g) = -19*g**2 + 1218*g - 9428. Give r(9).
-5
Let s(m) = -2*m**2 + 11*m + 689. Calculate s(20).
109
Let m(a) = 8*a**2 + 2219*a - 117900. Give m(-323).
-5
Let s(q) = 6*q**2 - 445*q - 445. Give s(78).
1349
Let x(a) = a**3 + 90*a**2 - 1253*a + 185. What is x(-102)?
3143
Let v(b) = -1060*b + 53912. Give v(51).
-148
Let v(t) = 5*t**3 + 131*t**2 + 26*t - 167. Calculate v(-26).
-167
Let v(n) = -166*n**2 - 1334*n + 36. Give v(-8).
84
Let n(o) = -7*o**2 + 438*o - 1577. Calculate n(59).
-102
Let f(x) = -35936*x - 646845. What is f(-18)?
3
Let l(i) = i**3 + 200*i**2 + 9517*i + 155. What is l(-122)?
33
Let p(z) = -z**2 - 3641*z + 21942. What is p(6)?
60
Let d(n) = 6*n**3 - 85*n**2 + 338*n - 9. Calculate d(5).
306
Let z(y) = -7*y**3 - 54*y**2 + 68*y + 302. Calculate z(-2).
6
Let p(a) = -539*a + 1136. Calculate p(2).
58
Let d(y) = -315*y + 6495. Determine d(15).
1770
Let l(g) = -20913*g - 334609. Calculate l(-16).
-1
Let s(q) = 2*q**3 + 154*q**2 - 3976*q - 289106. What is s(-79)?
34
Let t(r) = 88*r**3 - 2*r**2 + 1851*r - 1850. Determine t(1).
87
Let p(o) = 872912*o + 1745825. Give p(-2).
1
Let p(d) = -d**3 - 10*d**2 + 932*d - 172. What is p(-36)?
-28
Let z(l) = -307*l - 1611. Give z(-6).
231
Let y(w) = 11209*w - 111794. Determine y(10).
296
Let q(a) = 4*a**2 - 1327*a + 11307. Give q(323).
2
Let u(j) = j**2 + 79*j - 2756. Calculate u(-107).
240
Let g(a) = 545*a + 119262. Calculate g(-218).
452
Let g(c) = 5554*c + 1071928. Determine g(-193).
6
Let a(b) = -6143*b - 6144. Give a(-1).
-1
Let x(n) = -142596*n - 142592. Give x(-1).
4
Let k(d) = -65*d**2 + 752*d - 347. Give k(10).
673
Let u(s) = -3136*s + 26852. Give u(8).
1764
Let z(d) = 7*d**3 - d**2 + 24*d - 80. Give z(6).
1540
Let u(d) = d**2 + 2966*d - 92864. What is u(31)?
43
Let b(y) = -485*y - 5087. Determine b(-11).
248
Let s(t) = 108695*t + 2608669. Calculate s(-24).
-11
Let m(w) = -1477189*w + 4431554. Give m(3).
-13
Let a(m) = -1418*m + 387066. Determine a(273).
-48
Let r(m) = 5*m**3 + 4428*m**2 + 2076*m - 512421. What is r(-885)?
-6
Let n(w) = -w**2 + 185255*w - 11111696. Determine n(60).
4
Let f(g) = 5885*g + 1308. Determine f(0).
1308
Let f(p) = 2987*p - 107540. What is f(36)?
-8
Let n(p) = -2*p**3 + 100*p**2 - 125*p - 3132. Calculate n(48).
84
Let u(p) = p**3 - 40*p**2 - 4787*p + 1. Calculate u(-52).
157
Let a(d) = -35970*d + 863271. Calculate a(24).
-9
Let v(t) = -9467*t - 18937. What is v(-2)?
-3
Let p(n) = 170*n - 2793. Calculate p(0).
-2793
Let b(u) = -u**2 - 1508*u - 48680. Calculate b(-33).
-5
Let r(f) = -f**2 + 7083*f - 302722. What is r(43)?
-2
Let m(y) = -5*y**3 - 149*y**2 - 843*y - 1026. Calculate m(-4).
282
Let p(j) = 195820*j + 7636986. What is p(-39)?
6
Let g(c) = -814*c**2 + 67*c - 2. Calculate g(0).
-2
Let v(t) = 68*t**3 + 77*t**2 - 209*t + 103. What is v(2)?
537
Let m(s) = 23*s**3 - 70*s**2 - 2024*s - 10. Determine m(-8).
-74
Let w(z) = 43*z**2 + 2383*z + 209. What is w(-56)?
1609
Let g(q) = 4*q**3 - 2*q**2 + 139*q - 525. Give g(6).
1101
Let l(j) = j**2 + 431*j + 38783. Calculate l(-128).
-1
Let w(i) = -135626*i + 3933159. Give w(29).
5
Let o(s) = 214*s + 9721. Give o(-40).
1161
Let x(i) = i**3 + 54*i**2 - 168*i + 385. Calculate x(-57).
214
Let q(h) = -1981*h + 33979. What is q(17)?
302
Let t(v) = -5840*v + 10176. Determine t(2).
-1504
Let t(n) = n**2 - 1202*n + 113196. Calculate t(103).
-1
Let f(r) = -2*r**3 + 2*r**2 - 18*r + 15. Calculate f(4).
-153
Let v(g) = 169509*g + 7. Give v(0).
7
Let l(g) = -1625*g**2 - 3236*g + 7. Calculate l(-2).
-21
Let r(w) = 10348*w + 1645343. Calculate r(-159).
11
Let q(i) = i**2 - 11543*i + 5331403. Calculate q(482).
1
Let z(u) = u**3 + 87*u**2 - 1094*u - 1073. What is z(12)?
55
Let y(f) = -223*f**2 + 17980*f + 6730. What is y(81)?
7
Let a(q) = q**2 - 1978*q + 29297. Determine a(15).
-148
Let c(t) = -t**3 - 173*t**2 - 7349*t + 7286. Determine c(-80).
6
Let f(x) = 6*x**2 - 1023*x - 4084. What is f(174)?
-430
Let v(d) = 437*d + 25233. Give v(-58).
-113
Let h(y) = -150*y**2 - 1175*y - 1205. Give h(-1).
-180
Let y(q) = -2*q**2 + 30914*q + 154630. Determine y(-5).
10
Let m(g) = 5*g**2 + 89*g + 556. Give m(-16).
412
Let x(n) = 139*n + 4285. What is x(-31)?
-24
Let c(r) = 223*r**2 + 6906*r - 39. What is c(-31)?
178
Let k(v) = 8140*v + 1570996. Determine k(-193).
-24
Let n(m) = -10948*m - 3076402. Calculate n(-281).
-14
Let i(r) = -r**3 - 233*r**2 - 4469*r - 315. What is i(-21)?
42
Let o(t) = 23*t**2 - 2192*t - 49043. Determine o(114).
-23
Let b(f) = 170540*f - 511621. What is b(3)?
-1
Let y(p) = -p**3 - 238*p + 1070. Give y(5).
-245
Let j(l) = 92*l + 3955. Give j(-12).
2851
Let u(b) = 282*b + 6383. Calculate u(-23).
-103
Let w(b) = 1371*b - 40316. What is w(29)?
-557
Let p(j) = 3092*j**2 + 3*j + 232. Determine p(0).
232
Let n(j) = 62*j - 3946. Give n(60).
-226
Let q(t) = -2*t**2 - 3881*t - 140874. What is q(-37)?
-15
Let x(i) = -i**3 + 293*i**2 - 574*i - 1912. What is x(291)?
416
Let x(q) = -q**3 - 16*q**2 + 417*q + 6653. Determine x(-21).
101
Let q(c) = -c**3 + 22*c**2 - 153*c + 316. Calculate q(7).
-20
Let z(c) = -38965*c - 194798. Calculate z(-5).
27
Let r(d) = -2563*d - 7691. Give r(-3).
-2
Let h(z) = -3*z + 1138. Determine h(42).
1012
Let l(i) = -6*i**3 - 395*i**2 + 95*i + 1897. Calculate l(-66).
-17
Let s(h) = 46603*h - 605836. Determine s(13).
3
Let f(p) = 2*p**3 - 8*p**2 + 1151*p - 4603. Determine f(4).
1
Let b(a) = -2*a**3 - 18*a**2 - 1888*a - 19113. Give b(-10).
-33
Let a(u) = -2*u**2 - 623*u + 116079. Calculate a(-442).
717
Let u(m) = -6*m**3 + 4*m**2 - 54*m - 170. What is u(-4)?
494
Let s(a) = 36*a**2 - 399*a - 11146. Determine s(24).
14
Let d(x) = -x**2 + 82205*x + 493228. Give d(-6).
-38
Let g(w) = -775*w + 11673. Give g(15).
48
Let y(z) = z**2 + 93*z + 787. What is y(-83)?
-43
Let u(v) = 282*v**2 + 427*v + 431. Give u(-1).
286
Let k(n) = -n**2 - 12184*n - 121735. What is k(-10)?
5
Let p(x) = -1807*x - 47914. Calculate p(-25).
-2739
Let j(s) = s**3 - 26*s**2 - 183*s - 79. Give j(-6).
-133
Let i(n) = -5*n**3 - 483*n**2 - 1123*n + 9304. Determine i(-94).
-2
Let b(x) = 1800*x + 53294. Give b(-30).
-706
Let w(q) = -1132*q - 4483. Give w(-4).
45
Let x(f) = 20*f**2 + 6695*f - 1687. What is x(-335)?
-12
Let h(l) = -56203*l - 5170671. Calculate h(-92).
5
Let r(h) = -h**3 + 361*h**2 - 3171*h + 1076. What is r(352)?
20